e ten thousands digit of 20645?
2
What is the tens digit of 8175?
7
What is the hundreds digit of 1813?
8
What is the ten thousands digit of 43544?
4
What is the thousands digit of 14081?
4
What is the tens digit of 96282?
8
What is the units digit of 8485?
5
What is the units digit of 61682?
2
What is the hundreds digit of 522?
5
What is the ten thousands digit of 23423?
2
What is the units digit of 1191?
1
What is the units digit of 7404?
4
What is the tens digit of 966?
6
What is the hundreds digit of 956?
9
What is the units digit of 1118?
8
What is the hundreds digit of 5545?
5
What is the tens digit of 823?
2
What is the tens digit of 40462?
6
What is the tens digit of 116333?
3
What is the tens digit of 3044?
4
What is the tens digit of 161485?
8
What is the hundreds digit of 406?
4
What is the thousands digit of 2898?
2
What is the tens digit of 6188?
8
What is the thousands digit of 8545?
8
What is the tens digit of 5798?
9
What is the hundreds digit of 3153?
1
What is the units digit of 5376?
6
What is the tens digit of 291?
9
What is the ten thousands digit of 45900?
4
What is the thousands digit of 74174?
4
What is the hundred thousands digit of 109107?
1
What is the units digit of 41286?
6
What is the ten thousands digit of 12374?
1
What is the hundreds digit of 5973?
9
What is the units digit of 2?
2
What is the ten thousands digit of 29043?
2
What is the units digit of 6028?
8
What is the hundreds digit of 29673?
6
What is the units digit of 38392?
2
What is the units digit of 22195?
5
What is the units digit of 126236?
6
What is the units digit of 506?
6
What is the tens digit of 4466?
6
What is the hundreds digit of 2970?
9
What is the units digit of 3285?
5
What is the hundreds digit of 14166?
1
What is the tens digit of 1698?
9
What is the hundreds digit of 405?
4
What is the hundreds digit of 20836?
8
What is the thousands digit of 4235?
4
What is the tens digit of 688?
8
What is the hundreds digit of 6614?
6
What is the tens digit of 2493?
9
What is the thousands digit of 13097?
3
What is the ten thousands digit of 13762?
1
What is the hundred thousands digit of 119209?
1
What is the hundred thousands digit of 124975?
1
What is the thousands digit of 1226?
1
What is the units digit of 10926?
6
What is the thousands digit of 16638?
6
What is the units digit of 2852?
2
What is the hundreds digit of 4359?
3
What is the thousands digit of 1314?
1
What is the tens digit of 64449?
4
What is the thousands digit of 1828?
1
What is the ten thousands digit of 13435?
1
What is the hundreds digit of 90303?
3
What is the units digit of 36412?
2
What is the tens digit of 4434?
3
What is the tens digit of 1644?
4
What is the tens digit of 31921?
2
What is the tens digit of 288?
8
What is the thousands digit of 2277?
2
What is the units digit of 40589?
9
What is the hundreds digit of 26187?
1
What is the hundreds digit of 17232?
2
What is the units digit of 9636?
6
What is the units digit of 3417?
7
What is the ten thousands digit of 20279?
2
What is the hundreds digit of 104224?
2
What is the thousands digit of 8747?
8
What is the hundreds digit of 765?
7
What is the tens digit of 17302?
0
What is the hundreds digit of 5997?
9
What is the thousands digit of 142657?
2
What is the hundreds digit of 2666?
6
What is the units digit of 25989?
9
What is the units digit of 87170?
0
What is the thousands digit of 31407?
1
What is the hundreds digit of 410?
4
What is the units digit of 319?
9
What is the thousands digit of 11694?
1
What is the hundreds digit of 256?
2
What is the thousands digit of 1871?
1
What is the tens digit of 49123?
2
What is the tens digit of 981?
8
What is the units digit of 835?
5
What is the units digit of 2187?
7
What is the units digit of 6352?
2
What is the tens digit of 445?
4
What is the units digit of 4427?
7
What is the hundred thousands digit of 110543?
1
What is the units digit of 128?
8
What is the units digit of 1173?
3
What is the units digit of 10488?
8
What is the hundreds digit of 9336?
3
What is the ten thousands digit of 15293?
1
What is the units digit of 6381?
1
What is the thousands digit of 1126?
1
What is the tens digit of 4544?
4
What is the tens digit of 15530?
3
What is the hundreds digit of 26157?
1
What is the hundreds digit of 2029?
0
What is the tens digit of 92869?
6
What is the tens digit of 60595?
9
What is the hundreds digit of 1086?
0
What is the ten thousands digit of 32403?
3
What is the hundreds digit of 470?
4
What is the tens digit of 58407?
0
What is the hundreds digit of 785?
7
What is the ten thousands digit of 111971?
1
What is the hundreds digit of 6445?
4
What is the tens digit of 26157?
5
What is the units digit of 11362?
2
What is the tens digit of 18955?
5
What is the units digit of 45249?
9
What is the units digit of 330?
0
What is the tens digit of 6619?
1
What is the hundreds digit of 2948?
9
What is the ten thousands digit of 21640?
2
What is the tens digit of 1936?
3
What is the ten thousands digit of 185234?
8
What is the units digit of 1333?
3
What is the hundreds digit of 15423?
4
What is the tens digit of 1044?
4
What is the thousands digit of 1298?
1
What is the units digit of 189?
9
What is the units digit of 3288?
8
What is the tens digit of 1124?
2
What is the tens digit of 277?
7
What is the tens digit of 6013?
1
What is the hundreds digit of 455?
4
What is the ten thousands digit of 143258?
4
What is the thousands digit of 26077?
6
What is the hundreds digit of 108?
1
What is the tens digit of 2041?
4
What is the hundreds digit of 8571?
5
What is the hundreds digit of 61763?
7
What is the hundreds digit of 1894?
8
What is the thousands digit of 7291?
7
What is the thousands digit of 2340?
2
What is the tens digit of 19124?
2
What is the tens digit of 28565?
6
What is the units digit of 13950?
0
What is the ten thousands digit of 21504?
2
What is the thousands digit of 2982?
2
What is the thousands digit of 78188?
8
What is the tens digit of 1755?
5
What is the hundreds digit of 1700?
7
What is the tens digit of 5521?
2
What is the units digit of 2235?
5
What is the units digit of 28954?
4
What is the units digit of 10642?
2
What is the hundreds digit of 2121?
1
What is the tens digit of 14531?
3
What is the tens digit of 57469?
6
What is the units digit of 40383?
3
What is the hundreds digit of 2081?
0
What is the units digit of 1232?
2
What is the hundreds digit of 939?
9
What is the tens digit of 58870?
7
What is the tens digit of 2399?
9
What is the ten thousands digit of 12327?
1
What is the thousands digit of 1699?
1
What is the units digit of 1855?
5
What is the hundreds digit of 11268?
2
What is the hundreds digit of 15531?
5
What is the units digit of 1262?
2
What is the thousands digit of 80566?
0
What is the tens digit of 17?
1
What is the units digit of 1453?
3
What is the thousands digit of 22665?
2
What is the tens digit of 1594?
9
What is the ten thousands digit of 57797?
5
What is the hundreds digit of 6615?
6
What is the units digit of 2179?
9
What is the units digit of 12105?
5
What is the thousands digit of 2978?
2
What is the thousands digit of 6779?
6
What is the units digit of 123092?
2
What is the ten thousands digit of 102901?
0
What is the units digit of 8421?
1
What is the hundreds digit of 8572?
5
What is the tens digit of 3538?
3
What is the thousands digit of 8403?
8
What is the units digit of 505?
5
What is the ten thousands digit of 13820?
1
What is the units digit of 515?
5
What is the tens digit of 1340?
4
What is the units digit of 12179?
9
What is the ten thousands digit of 21308?
2
What is the hundreds digit of 404?
4
What is the tens digit of 14005?
0
What is the units digit of 63?
3
What is the thousands digit of 65081?
5
What is the hundreds digit of 1493?
4
What is the units digit of 1290?
0
What is the tens digit of 4532?
3
What is the tens digit of 3986?
8
What is the units digit of 901?
1
What is the tens digit of 1004?
0
What is the ten thousands digit of 53844?
5
What is the hundreds digit of 1362?
3
What is the thousands digit of 87802?
7
What is the units digit of 507?
7
What is the hundreds digit of 60629?
6
What is the hundreds digit of 475?
4
What is the units digit of 724?
4
What is the thousands digit o